{"id":13,"date":"2025-06-24T14:58:14","date_gmt":"2025-06-24T14:58:14","guid":{"rendered":"https:\/\/www.argentinavision.com\/artroscopia2025\/?page_id=13"},"modified":"2025-09-05T20:09:18","modified_gmt":"2025-09-05T20:09:18","slug":"home","status":"publish","type":"page","link":"https:\/\/www.argentinavision.com\/artroscopia2025\/","title":{"rendered":"Home"},"content":{"rendered":"<div class=\"wpb-content-wrapper\">[vc_row][vc_column][vc_column_text css=\u00bb\u00bb]\n<h1 class=\"wp-block-heading\"><strong>EXCURSI\u00d3N A PLAYA EL DORADILLO<\/strong>&nbsp;<br \/>\n13 de Septiembre de 2025<\/h1>\n[\/vc_column_text][\/vc_column][vc_column]<style>.vcex-image.vcex_6a06e0ee02343 .vcex-image-img{border-radius:var(--wpex-rounded-xs);}<\/style><figure class=\"vcex-image vcex-module wpex-text-center vcex_6a06e0ee02343\"><div class=\"vcex-image-inner wpex-relative wpex-inline-block\"><img width=\"1300\" height=\"500\" src=\"https:\/\/www.argentinavision.com\/artroscopia2025\/wp-content\/uploads\/2025\/07\/header_congreso_artroscopia.jpg\" class=\"vcex-image-img wpex-align-middle wpex-border-0 wpex-border-dotted\" alt=\"\" loading=\"lazy\" decoding=\"async\" srcset=\"https:\/\/www.argentinavision.com\/artroscopia2025\/wp-content\/uploads\/2025\/07\/header_congreso_artroscopia.jpg 1300w, https:\/\/www.argentinavision.com\/artroscopia2025\/wp-content\/uploads\/2025\/07\/header_congreso_artroscopia-300x115.jpg 300w, https:\/\/www.argentinavision.com\/artroscopia2025\/wp-content\/uploads\/2025\/07\/header_congreso_artroscopia-1024x394.jpg 1024w, https:\/\/www.argentinavision.com\/artroscopia2025\/wp-content\/uploads\/2025\/07\/header_congreso_artroscopia-768x295.jpg 768w\" sizes=\"auto, (max-width: 1300px) 100vw, 1300px\" \/><\/div><\/figure>[\/vc_column][\/vc_row][vc_row remove_bottom_col_margin=\u00bbtrue\u00bb][vc_column]<div class=\"vcex-module vcex-divider vcex-divider-solid vcex-divider-center wpex-mx-auto wpex-block wpex-h-0 wpex-border-b wpex-border-solid wpex-border-main\"><\/div>[\/vc_column][\/vc_row][vc_row][vc_column width=\u00bb1\/2&#8243;]<h4 class=\"vcex-heading vcex-heading-plain vcex-module wpex-heading wpex-text-2xl\"><span class=\"vcex-heading-inner wpex-inline-block\">Detalles de la excursi\u00f3n:<\/span><\/h4><div class=\"vcex-module vcex-divider vcex-divider-solid vcex-divider-center wpex-mx-auto wpex-block wpex-h-0 wpex-border-b wpex-border-solid wpex-border-main\"><\/div>\t<style><\/style>\n<div class=\"vcex-spacing wpex-w-100 wpex-clear vcex_6a06e0ee11a82\"><\/div>[vc_column_text css=\u00bb\u00bb]La salida estar\u00e1 programada a las 10:45 hs desde el hotel Rayentray, para dirigirnos al \u00c1rea El Doradillo ubicado tan s\u00f3lo 17 km al norte de Puerto Madryn.<\/p>\n<p><strong>Este lugar es elegido por la Ballena Franca austral para dar las primeras lecciones de vida a sus cr\u00edas, los ballenatos.<\/strong><\/p>\n<p>Debido a las aguas tranquilas y la profundidad inusual de sus costas, las ballenas pueden acercarse considerablemente a la costa, lo que permite el avistamiento de ballenas desde tierra.<\/p>\n<p>Existe una buena posibilidad de que las ballenas est\u00e9n a una distancia de 15 a 20 metros de la playa.<\/p>\n<p>A la hora del almuerzo, se brindar\u00e1 un <em>brunch<\/em> completo con bebidas sin alcohol.<\/p>\n<p>La duraci\u00f3n de la excursi\u00f3n ser\u00e1 aproximadamente alrededor de unas 3 horas.[\/vc_column_text]<div class=\"vcex-spacing wpex-w-100 wpex-clear\"><\/div>[\/vc_column][vc_column width=\u00bb1\/2&#8243;][vc_message css=\u00bb.vc_custom_1751644271268{padding-right: 4em !important;}\u00bb]\n<h3>\u00bfQu\u00e9 incluye el <em>Brunch<\/em>?<\/h3>\n<ul>\n<li style=\"list-style-type: none;\">\n<ul>\n<li>En Hojaldre: Volov\u00e1n relleno de langostinos al champagne, Bocaditos de hojaldre con mousse de mejillones.<\/li>\n<li>En Masa bris\u00e9e: Quiche de jam\u00f3n, Tarteleta de humita, Tarteleta de puerro y panceta.<\/li>\n<li>Empanadas: Carne, Verdura, Pollo.<\/li>\n<li>Mini s\u00e1ndwiches: Pan de brioche con lomo de cerdo horneado o peceto, Pan de papa con cerdo desmechado y cebolla caramelizada, Ciabatta de jam\u00f3n cocido o crudo y hojas verdes.<\/li>\n<li>Bruschettas: Jam\u00f3n crudo, r\u00facula y aderezo base queso crema.<\/li>\n<li>Otros bocados: Brocheta caprese.<\/li>\n<li>Opciones vegetarianas: S\u00e1ndwich de falafel con lechuga y tomate en pan \u00e1rabe, Boh\u00edos de mijo con aderezo de morrones asados.<\/li>\n<li>Bebidas: Agua, Limonada, Infusi\u00f3n fr\u00eda de yerba mate y naranja.<\/li>\n<\/ul>\n<\/li>\n<\/ul>\n[\/vc_message][\/vc_column][\/vc_row][vc_row][vc_column width=\u00bb1\/4&#8243;]<style>.vcex-list_item.vcex_6a06e0ee12247{font-weight:600;}.vcex-list_item.vcex_6a06e0ee12247 .vcex-list-item-icon-inner{font-size:var(--vcex-icon-sm);}<\/style><div class=\"vcex-list_item vcex-module wpex-m-0 wpex-max-w-100 wpex-mb-5 vcex_6a06e0ee12247\"><div class=\"vcex-list-item-inner wpex-inline-flex wpex-flex-no-wrap\"><div class=\"vcex-list-item-icon wpex-mr-10\"><div class=\"vcex-list-item-icon-inner vcex-icon-wrap wpex-inline-flex wpex-justify-center wpex-items-center wpex-leading-none wpex-child-inherit-color\"><span class=\"wpex-icon--w wpex-icon\" aria-hidden=\"true\"><svg xmlns=\"http:\/\/www.w3.org\/2000\/svg\" enable-background=\"new 0 0 24 24\" viewBox=\"0 0 24 24\"><g><path d=\"M0 0h24v24H0V0z\" fill=\"none\"\/><path d=\"M0 0h24v24H0V0z\" fill=\"none\"\/><\/g><g><path d=\"M12 17.27 18.18 21l-1.64-7.03L22 9.24l-7.19-.61L12 2 9.19 8.63 2 9.24l5.46 4.73L5.82 21 12 17.27z\"\/><\/g><\/svg><\/span><\/div><\/div><div class=\"vcex-list-item-text vcex-content wpex-flex-grow\">Principales atractivos: Avistaje costero de Ballenas Franca Austral, fauna local.<\/div><\/div><\/div>[\/vc_column][vc_column width=\u00bb1\/4&#8243;]<style>.vcex-list_item.vcex_6a06e0ee12826{font-weight:600;}.vcex-list_item.vcex_6a06e0ee12826 .vcex-list-item-icon-inner{font-size:var(--vcex-icon-sm);}<\/style><div class=\"vcex-list_item vcex-module wpex-m-0 wpex-max-w-100 wpex-mb-5 vcex_6a06e0ee12826\"><div class=\"vcex-list-item-inner wpex-inline-flex wpex-flex-no-wrap\"><div class=\"vcex-list-item-icon wpex-mr-10\"><div class=\"vcex-list-item-icon-inner vcex-icon-wrap wpex-inline-flex wpex-justify-center wpex-items-center wpex-leading-none wpex-child-inherit-color\"><span class=\"wpex-icon--w wpex-icon\" aria-hidden=\"true\"><svg xmlns=\"http:\/\/www.w3.org\/2000\/svg\" viewBox=\"0 0 512 512\"><path d=\"M256 0a256 256 0 1 1 0 512A256 256 0 1 1 256 0zM232 120V256c0 8 4 15.5 10.7 20l96 64c11 7.4 25.9 4.4 33.3-6.7s4.4-25.9-6.7-33.3L280 243.2V120c0-13.3-10.7-24-24-24s-24 10.7-24 24z\"\/><\/svg><\/span><\/div><\/div><div class=\"vcex-list-item-text vcex-content wpex-flex-grow\">Horario de salida: 10:45 hs<\/div><\/div><\/div><style>.vcex-list_item.vcex_6a06e0ee12d2d{font-weight:600;}.vcex-list_item.vcex_6a06e0ee12d2d .vcex-list-item-icon-inner{font-size:var(--vcex-icon-sm);}<\/style><div class=\"vcex-list_item vcex-module wpex-m-0 wpex-max-w-100 wpex-mb-5 vcex_6a06e0ee12d2d\"><div class=\"vcex-list-item-inner wpex-inline-flex wpex-flex-no-wrap\"><div class=\"vcex-list-item-icon wpex-mr-10\"><div class=\"vcex-list-item-icon-inner vcex-icon-wrap wpex-inline-flex wpex-justify-center wpex-items-center wpex-leading-none wpex-child-inherit-color\"><span class=\"wpex-icon--w wpex-icon\" aria-hidden=\"true\"><svg xmlns=\"http:\/\/www.w3.org\/2000\/svg\" viewBox=\"0 0 512 512\"><path d=\"M256 0a256 256 0 1 1 0 512A256 256 0 1 1 256 0zM232 120V256c0 8 4 15.5 10.7 20l96 64c11 7.4 25.9 4.4 33.3-6.7s4.4-25.9-6.7-33.3L280 243.2V120c0-13.3-10.7-24-24-24s-24 10.7-24 24z\"\/><\/svg><\/span><\/div><\/div><div class=\"vcex-list-item-text vcex-content wpex-flex-grow\">Horario de llegada: 14:00 hs<\/div><\/div><\/div>[\/vc_column][vc_column width=\u00bb1\/4&#8243;]<style>.vcex-list_item.vcex_6a06e0ee13236{font-weight:600;}.vcex-list_item.vcex_6a06e0ee13236 .vcex-list-item-icon-inner{font-size:var(--vcex-icon-sm);}<\/style><div class=\"vcex-list_item vcex-module wpex-m-0 wpex-max-w-100 wpex-mb-5 vcex_6a06e0ee13236\"><div class=\"vcex-list-item-inner wpex-inline-flex wpex-flex-no-wrap\"><div class=\"vcex-list-item-icon wpex-mr-10\"><div class=\"vcex-list-item-icon-inner vcex-icon-wrap wpex-inline-flex wpex-justify-center wpex-items-center wpex-leading-none wpex-child-inherit-color\"><span class=\"wpex-icon--w wpex-icon\" aria-hidden=\"true\"><svg xmlns=\"http:\/\/www.w3.org\/2000\/svg\" viewBox=\"0 0 576 512\"><path d=\"M288 0C422.4 0 512 35.2 512 80V96l0 32c17.7 0 32 14.3 32 32v64c0 17.7-14.3 32-32 32l0 160c0 17.7-14.3 32-32 32v32c0 17.7-14.3 32-32 32H416c-17.7 0-32-14.3-32-32V448H192v32c0 17.7-14.3 32-32 32H128c-17.7 0-32-14.3-32-32l0-32c-17.7 0-32-14.3-32-32l0-160c-17.7 0-32-14.3-32-32V160c0-17.7 14.3-32 32-32h0V96h0V80C64 35.2 153.6 0 288 0zM128 160v96c0 17.7 14.3 32 32 32H272V128H160c-17.7 0-32 14.3-32 32zM304 288H416c17.7 0 32-14.3 32-32V160c0-17.7-14.3-32-32-32H304V288zM144 400a32 32 0 1 0 0-64 32 32 0 1 0 0 64zm288 0a32 32 0 1 0 0-64 32 32 0 1 0 0 64zM384 80c0-8.8-7.2-16-16-16H208c-8.8 0-16 7.2-16 16s7.2 16 16 16H368c8.8 0 16-7.2 16-16z\"\/><\/svg><\/span><\/div><\/div><div class=\"vcex-list-item-text vcex-content wpex-flex-grow\">Distancia: 17 km aproximadamente<\/div><\/div><\/div>[\/vc_column][vc_column width=\u00bb1\/4&#8243;]<style>.vcex-list_item.vcex_6a06e0ee1374a{font-weight:600;}.vcex-list_item.vcex_6a06e0ee1374a .vcex-list-item-icon-inner{font-size:var(--vcex-icon-sm);}<\/style><div class=\"vcex-list_item vcex-module wpex-m-0 wpex-max-w-100 wpex-mb-5 vcex_6a06e0ee1374a\"><div class=\"vcex-list-item-inner wpex-inline-flex wpex-flex-no-wrap\"><div class=\"vcex-list-item-icon wpex-mr-10\"><div class=\"vcex-list-item-icon-inner vcex-icon-wrap wpex-inline-flex wpex-justify-center wpex-items-center wpex-leading-none wpex-child-inherit-color\"><span class=\"wpex-icon--w wpex-icon\" aria-hidden=\"true\"><svg xmlns=\"http:\/\/www.w3.org\/2000\/svg\" viewBox=\"0 0 34 32\"><path d=\"M29.714 11.429q0-1.429-1-2.429t-2.429-1h-1.143v6.857h1.143q1.429 0 2.429-1t1-2.429zM0 25.143h32q0 1.893-1.339 3.232t-3.232 1.339h-22.857q-1.893 0-3.232-1.339t-1.339-3.232zM33.143 11.429q0 2.839-2.009 4.848t-4.848 2.009h-1.143v0.571q0 1.643-1.179 2.821t-2.821 1.179h-12.571q-1.643 0-2.821-1.179t-1.179-2.821v-13.143q0-0.464 0.339-0.804t0.804-0.339h20.571q2.839 0 4.848 2.009t2.009 4.848z\"><\/path><\/svg><\/span><\/div><\/div><div class=\"vcex-list-item-text vcex-content wpex-flex-grow\">Brunch al aire libre<\/div><\/div><\/div>[\/vc_column][\/vc_row][vc_row][vc_column][vc_column_text css=\u00bb\u00bb]\nngg_shortcode_0_placeholder[\/vc_column_text][\/vc_column][\/vc_row][vc_row disable_element=\u00bbyes\u00bb][vc_column]\t<style><\/style>\n<div class=\"vcex-spacing wpex-w-100 wpex-clear vcex_6a06e0ee13a12\"><\/div>[vc_column_text css=\u00bb\u00bb]<strong><span style=\"color: #ff9900;\">PASOS PARA EFECTUAR LA RESERVA:<\/span><br \/>\n<em>1)<\/em><\/strong><em> Seleccione el d\u00eda&nbsp;<\/em><br \/>\n<em><strong>2)<\/strong> Indique el total de interesados<\/em><br \/>\n<em><strong>3)<\/strong> Click al bot\u00f3n SIGUIENTE para completar el formulario y finalizar su compra<\/em>[\/vc_column_text][vc_raw_html css=\u00bb\u00bb]JTNDZGl2JTIwY2xhc3MlM0QlMjJsb2FkLXR1cml0b3AlMjIlMjBkYXRhLXNlcnZpY2UlM0QlMjJQNDAlMjIlMjBkYXRhLWxhbmclM0QlMjJlcyUyMiUyMCUyMGRhdGEtZW1iZWQlM0QlMjJib3glMjIlM0UlM0MlMkZkaXYlM0U=[\/vc_raw_html][\/vc_column][vc_column][\/vc_column][\/vc_row]\n<\/div>","protected":false},"excerpt":{"rendered":"<p>[vc_row][vc_column][vc_column_text css=\u00bb\u00bb] EXCURSI\u00d3N A PLAYA EL DORADILLO&nbsp; 13 de Septiembre de 2025 [\/vc_column_text][\/vc_column][vc_column][\/vc_column][\/vc_row][vc_row remove_bottom_col_margin=\u00bbtrue\u00bb][vc_column][\/vc_column][\/vc_row][vc_row][vc_column width=\u00bb1\/2&#8243;][vc_column_text css=\u00bb\u00bb]La salida estar\u00e1 programada a las 10:45 hs desde el hotel Rayentray, para dirigirnos al \u00c1rea El Doradillo ubicado tan s\u00f3lo 17 km al norte de Puerto Madryn. Este lugar es elegido por la Ballena Franca austral para dar las&hellip;<\/p>\n","protected":false},"author":1,"featured_media":0,"parent":0,"menu_order":0,"comment_status":"closed","ping_status":"closed","template":"","meta":{"ngg_post_thumbnail":0,"footnotes":""},"class_list":["post-13","page","type-page","status-publish","hentry","entry","no-media"],"_links":{"self":[{"href":"https:\/\/www.argentinavision.com\/artroscopia2025\/wp-json\/wp\/v2\/pages\/13","targetHints":{"allow":["GET"]}}],"collection":[{"href":"https:\/\/www.argentinavision.com\/artroscopia2025\/wp-json\/wp\/v2\/pages"}],"about":[{"href":"https:\/\/www.argentinavision.com\/artroscopia2025\/wp-json\/wp\/v2\/types\/page"}],"author":[{"embeddable":true,"href":"https:\/\/www.argentinavision.com\/artroscopia2025\/wp-json\/wp\/v2\/users\/1"}],"replies":[{"embeddable":true,"href":"https:\/\/www.argentinavision.com\/artroscopia2025\/wp-json\/wp\/v2\/comments?post=13"}],"version-history":[{"count":110,"href":"https:\/\/www.argentinavision.com\/artroscopia2025\/wp-json\/wp\/v2\/pages\/13\/revisions"}],"predecessor-version":[{"id":195,"href":"https:\/\/www.argentinavision.com\/artroscopia2025\/wp-json\/wp\/v2\/pages\/13\/revisions\/195"}],"wp:attachment":[{"href":"https:\/\/www.argentinavision.com\/artroscopia2025\/wp-json\/wp\/v2\/media?parent=13"}],"curies":[{"name":"wp","href":"https:\/\/api.w.org\/{rel}","templated":true}]}}